52, 5*s + 2*c + 2*c - 260 = 0. What is the remainder when s is divided by (108/(-30))/(2/(-10))?
16
Let n(k) = 5*k**2 + 2*k - 1. Let b be n(1). Calculate the remainder when -1 - 3/(b/(-88)) is divided by 15.
13
Let r(y) = -40*y**3 + y - 1. Let f be r(1). Let o = -29 - f. Suppose -16 = 3*g - 1, -51 = -b + 4*g. Calculate the remainder when b is divided by o.
9
Let r = 90 + -57. Calculate the remainder when r is divided by 7.
5
Let b(h) = 2*h**3 - h**2 + 2*h - 1. Calculate the remainder when 28 is divided by b(2).
13
Suppose u - 25 = -5*h, -4*h + 5*u - 6 = 3. Let i = -13 + 24. What is the remainder when i is divided by h?
3
Let j(r) be the second derivative of -r**3/2 + r**2/2 + 3*r. Let p be j(-1). Suppose -t + 0*t + p = 0. What is the remainder when t is divided by 2?
0
Let r(a) = -a**2 + 6. Let c be r(0). Let d = 8 - c. What is the remainder when 5 is divided by d?
1
Let b(z) = 15*z**2 - z - 2. Calculate the remainder when b(-2) is divided by 7.
4
Let j(h) = 2*h + 3. What is the remainder when (-231)/(-9) + 4/(-6) is divided by j(2)?
4
Let o = 16 - 0. Calculate the remainder when 30 is divided by o.
14
What is the remainder when (-4760)/(-48) + 1/(-6) is divided by 25?
24
Let n(i) = -i**2 - 11*i - 11. Calculate the remainder when n(-9) is divided by 5.
2
Let b be ((-18)/24)/(1/(-12)). Let m = b + 1. Calculate the remainder when ((-9)/3)/((-6)/56) is divided by m.
8
Let j(o) = o**3 - 11*o**2 + o - 1. Let t be (0 + 0)*(-3)/6. Let y(r) = -r**2 + r + 6. Calculate the remainder when j(11) is divided by y(t).
4
Suppose -m + 10*g - 5*g - 2 = 0, -3*m + 11 = 2*g. Let x(h) = h. What is the remainder when x(4) is divided by m?
1
Let t = 39 + 32. Calculate the remainder when t is divided by 18.
17
Suppose 30 + 60 = 6*c. What is the remainder when 29 is divided by c?
14
Suppose -8 + 39 = 5*j + 3*w, w + 18 = 4*j. Calculate the remainder when 13 is divided by j.
3
Suppose -l - 6 = l. Calculate the remainder when -41*l/3 - -1 is divided by 22.
20
Let n be 2*-3*(-2)/6. Calculate the remainder when n*(-31)/(-4)*2 is divided by 17.
14
Let g = -12 + 6. Let p = -4 - g. Suppose 5*m - 20 = 5. Calculate the remainder when m is divided by p.
1
Suppose 480 = -z + 6*z. Suppose k - z = -2*k. What is the remainder when k is divided by 17?
15
Let o be 11 + (4 - 0 - 3). Suppose -o = -6*c + 5*c. Calculate the remainder when c is divided by 4.
0
Suppose u + s - 1 = 0, -u + 5*s - 2*s = -13. Suppose 0*d + 3*d - 15 = 0. Let n = d - u. What is the remainder when n is divided by 1?
0
Suppose -2*k - 5*u + 45 = -25, -4*u + 164 = 4*k. Calculate the remainder when k is divided by 13.
6
Suppose 4*d - 237 = g, 3*d = 2*d - 2*g + 48. Suppose -l - 4*l + d = 4*u, -5*l - 10 = 0. Suppose 97 - 31 = 2*p. Calculate the remainder when p is divided by u.
16
Let h(z) = -7*z**2 + z**2 + 4*z**2 + z**3 + 4*z - 2. Calculate the remainder when 56 is divided by h(3).
18
Let f = 47 - -2. What is the remainder when f is divided by 10?
9
Let z = 82 + -71. What is the remainder when 35 is divided by z?
2
Let u(i) = i**3 + 15*i**2 + 20*i + 18. What is the remainder when u(-13) is divided by 25?
21
Suppose 1 = -4*t + 25. What is the remainder when 16 is divided by t?
4
Let y = -4 - -6. Let z = 4 - y. Suppose -3*n = z*n - 70. What is the remainder when n is divided by 8?
6
Let d = -2 - -5. Suppose 0 = -3*o - 4*k + 133, -3*o - d*k + 131 = 2*k. Calculate the remainder when o is divided by 16.
15
Suppose 0 = g - 3*u - 40, -16 = -g + 2*u - 7*u. Suppose -3*v + 6 = -4*v. Calculate the remainder when g is divided by (v/4)/(6/(-64)).
15
Let g = 5 - 4. Let x = 13 - g. Calculate the remainder when 18 is divided by -1 + (x - -1) + -2.
8
Suppose 3*c = g - 23, -51 = -4*g + 5*c + 6. Suppose n - g = 8. Calculate the remainder when n is divided by 10.
6
Calculate the remainder when 14/((8/(-6))/(-2)) is divided by 11/((-78)/(-66) - (-4)/(-22)).
10
Suppose 3*s - 1503 = -3*y, 0 = -0*y - 2*y + s + 993. Suppose 4*w - 126 = -2*w. Calculate the remainder when (-1)/4 + y/8 is divided by w.
20
Suppose 0 = -y + 11 + 2. What is the remainder when 38 is divided by y?
12
Let q(c) = 2*c**2 + 1. Let h be q(1). Suppose -h*z + 80 = 2*z. Calculate the remainder when 47 is divided by z.
15
Let y(u) = -u**3 - 12*u**2 - 2*u - 13. Let l be (-4 + 0)*3/1. Calculate the remainder when 19 is divided by y(l).
8
Suppose 5 = 2*m + c, -7 = -4*m + c - 0. Suppose -2*a = a + 3, m*a - 58 = -5*k. What is the remainder when k is divided by 7?
5
Suppose 3 = -2*v + 9. Let m(c) = c**2 - 4*c + 3. Let n be m(v). Suppose a - 4*a + 12 = n. Calculate the remainder when a is divided by 2.
0
Calculate the remainder when 4*((-19)/(-4) - 2) is divided by 5/(-2)*156/(-65).
5
Let b = 161 - 109. What is the remainder when 259 is divided by b?
51
Suppose 0 = -3*q + 3*a + 9, 11 = -4*q - 3*a + 30. Calculate the remainder when 5 is divided by q.
1
Suppose 6*d - 30 = 3*d. Calculate the remainder when 148 is divided by d.
8
Let b = 17 + -3. Let q(i) = 35*i + 6. Calculate the remainder when q(1) is divided by b.
13
Let o = -14 + 21. Suppose -2*q = 8, -q + 30 = 2*v - 2*q. Calculate the remainder when v is divided by o.
6
Suppose 2*p - 2 - 3 = -a, 25 = 3*a - 4*p. Suppose -11*d + 172 = -a*d. Calculate the remainder when d is divided by 16.
11
Let o(m) = 3*m**2 + 2*m - 2. Let u = 12 - 7. Let p(h) = 2*h**2 - 8*h + 6. What is the remainder when p(u) is divided by o(-2)?
4
Let a(k) = -k - 6. Let z(p) = p**2 + 1. Let y(c) = -a(c) + z(c). Let l be y(-5). Suppose -l = 5*n - 8*n. What is the remainder when 34 is divided by n?
7
What is the remainder when 106 is divided by ((-36)/15 + 2)*-45?
16
Suppose -4*y = -8, u - 4*u + 5*y = -5. Calculate the remainder when 29 is divided by u.
4
Let f = -6 - -10. Suppose 4*p + f*c = 108, 2*c + 17 - 2 = p. What is the remainder when p is divided by 13?
10
Let h(m) = 16*m - 12. What is the remainder when h(5) is divided by 19?
11
Let d(l) = l**2 + 26. Let p be d(0). Let f be 30/(-9)*1*3. Let t = f + p. Calculate the remainder when 31 is divided by t.
15
Suppose l - 4*l + 18 = 0. Let t(d) = -d**3 + 8*d**2 - 7*d - 10. Calculate the remainder when t(l) is divided by 12.
8
Suppose u = -0*u + 1. Let m be (u*5)/((-3)/(-30)). Let a = -30 + m. What is the remainder when a is divided by 7?
6
Let c = 2 + -13. Let j be 570/c + (-2)/11. What is the remainder when 2/7 - j/14 is divided by 2?
0
Let b(q) = 5*q - 4. Suppose 5*u + 79 = x + x, -4*x = -3*u - 123. Calculate the remainder when b(4) is divided by (-1 - 0)/((-3)/x).
7
Let w = 94 - 63. What is the remainder when w is divided by -4 + -1 - (-144)/12?
3
What is the remainder when 31 is divided by (1 + 2 - 5) + 18?
15
Let a be (-2)/(-7) - 229/(-7). Let q = a - 17. What is the remainder when 30 is divided by q?
14
Suppose 4*m = 5*c + 6, -5*m = -3*c - 14 - 0. Let b(v) = 10*v**2 + v + 1. What is the remainder when b(c) is divided by 15?
13
Let f(o) = 4*o**2 + 3*o - 2. Let w = -2 - 9. Let u = 22 + w. What is the remainder when f(2) is divided by u?
9
Suppose 5*d - 2*a - 80 = -6*a, 4*d + 2*a - 58 = 0. What is the remainder when d is divided by 4?
0
Suppose 0 = -4*c - y + 13, 3*c - 3*y - 7 = -y. What is the remainder when 9 is divided by c?
0
Let u(p) = p**3 + 12*p**2 + 3*p - 25. Calculate the remainder when u(-11) is divided by 22.
19
Suppose -5*u = -98 + 3. Calculate the remainder when 73 is divided by u.
16
Let u be (5/2)/((-2)/(-132)). Suppose -4*b + b = -u. Calculate the remainder when b is divided by 14.
13
Suppose 3*k - 3 - 57 = 0. Suppose 5*u = k + 60. Suppose -56 = -3*z + 5*f - u, -2*f + 47 = 3*z. What is the remainder when z is divided by 8?
7
Suppose -v - 2*n + 4 = 0, -3*v + 5*n = -12 - 22. What is the remainder when 30 is divided by v?
6
Let a(d) = -3*d - 6. Let n be a(-5). Suppose -5*m = -n - 26. Suppose -55 = -7*f + 85. Calculate the remainder when f is divided by m.
6
Suppose 2*j + 85 = 7*j. Let d(y) = y**3 + 9*y**2 + 8*y + 5. Calculate the remainder when j is divided by d(-8).
2
Let h(a) = 14*a**2. Let r be h(1). Let k = -7 - -12. Suppose -j + k = -r. Calculate the remainder when j is divided by 7.
5
Let w be ((-6)/36)/(2/(-12)). Calculate the remainder when 19*(0/(-2) + w) is divided by 7.
5
Suppose 3*h + 11 = 80. What is the remainder when h is divided by 8?
7
Suppose i + 16 = o, -3*o + i - 5*i + 41 = 